e ((-162)/(-72))/(1/((-64)/6)). Let c = i - -17. Determine f(c).
14
Let q(m) be the first derivative of -m**2/2 + 18*m - 6. Calculate q(6).
12
Let g(k) be the first derivative of -k**3/3 + 2*k**2 + 7*k + 20. Let b be (-2)/(-8) - 19/(-4). Let j = b + 0. Determine g(j).
2
Let x(s) be the first derivative of s**3/3 - 9*s**2/2 - 6*s - 71. Determine x(7).
-20
Suppose -17*p = -5*p + 12. Let b(h) = h**2 + h + 1. Let m(w) = 4*w**2 + 4*w + 4. Let r(t) = -3*b(t) + m(t). Give r(p).
1
Let n(z) = 4*z - 3*z**2 - 1 - 4 + 4*z**2. Let c be -20*(-3 + 58/24)*-3. Let l be -3 - (c/(-25) - 4/10). Give n(l).
-5
Let g(y) = -y**3 + 5*y**2 + 7. Let l be 8/12*(-9)/(-2). Suppose -l*v + 0*v - 19 = -5*r, -r - 2*v + 9 = 0. What is g(r)?
7
Let y(m) = -m**2 + 15*m - 4. Suppose z - 17 = -4*g - 15, 0 = -5*z - 3*g + 27. What is y(z)?
50
Let w(n) = 5*n**2 - 2*n + 1. Let h be (-1)/(((-117)/18)/13). Determine w(h).
17
Let t(d) = -1. Let l(w) = w - 14. Let a(o) = -l(o) + 3*t(o). Let h be a(6). Let u(f) = f**2 - 3*f + h - f - 12. Give u(6).
5
Suppose -2*f + 4*f = -2*c + 16, -5*f = 4*c - 37. Suppose c*g - 11 = 4*u, -2*g + 5*u + 6 = -6. Let m(n) = 5*n**2 + 2*n - 1. Give m(g).
6
Let y(j) = j - 4. Suppose -t - 5 = -v - 2*v, -t + 5 = 2*v. Let n be 0/(-2*(-2 + t)). Give y(n).
-4
Let j(o) = -2*o - 6. Suppose 0*k = 2*k - 6. Suppose 0 = k*n - 2*n - 7. Let x be n*(-4 + 66/21). Calculate j(x).
6
Let q be (-3 + 9)/(-11 - -14). Let a(c) be the second derivative of c**5/10 - c**4/6 - c**3/6 - c**2/2 + 3*c. Give a(q).
5
Let q = 1635 - 1628. Let p(o) = -2*o + o**3 - 6*o + 6 + 8*o**2 - 2*o**3. Determine p(q).
-1
Let w(q) = 0 - 5*q - 11*q + 4*q + 1. Calculate w(2).
-23
Let i(a) = -2*a**2 - 25*a - 5. Let h(w) = -w**2 - 12*w - 4. Let f(y) = -7*h(y) + 4*i(y). Calculate f(-17).
-9
Let q(n) be the third derivative of n**5/120 + n**4/4 + n**3 - 8*n**2. Let t(i) be the first derivative of q(i). Determine t(0).
6
Let c(o) = -o**2 - o + 4. Let u = -24 + 24. Suppose 0 = l + 3*f + 15, l + u*l + 2*f = -11. Calculate c(l).
-2
Let n(b) = 3*b**2 + 13*b - 4. Let z(v) = 16*v**2 + 67*v - 20. Let c(q) = 11*n(q) - 2*z(q). Calculate c(-7).
-18
Let s(i) = -i**2 - 5*i - 4. Let v be s(-3). Suppose 0*a = -a + v. Let k(c) = -c - 1. Give k(a).
-3
Suppose v - 6 = 4*v. Let f(d) = 2*d + 2. Let x(u) = u**2 + 10*u + 9. Let n(l) = -4*f(l) + x(l). Give n(v).
1
Let q(y) be the second derivative of y**5/60 + y**4/4 + 25*y**2/2 + 11*y. Let i(x) be the first derivative of q(x). What is i(-6)?
0
Let j be 1/((0 - 1)/(-6)). Let h be (-8)/(-2) - (3 - 5). Let b(c) = -4*c**3 - 12*c. Let q(k) = 5*k**3 - k**2 + 13*k + 1. Let t(o) = h*b(o) + 5*q(o). Give t(j).
-1
Let p(s) = -4*s - 6. Let b(a) = -a - 18. Let c = 21 + -33. Let u be b(c). Give p(u).
18
Let f(r) = r - 1. Let w = 101 + -98. Give f(w).
2
Let r(i) = 15*i**2 - 2*i - 7. Let u(j) = 4*j**2 - 1. Let f(a) = -r(a) + 4*u(a). Give f(-2).
3
Let y(m) = m**3 - 6*m**2 + 4*m + 1. Let t be ((-8)/20 + 186/90)*3. Determine y(t).
-4
Let m(o) = o**2 - 10*o + 7. Let j(d) = -1. Let h(r) = 2*r - 38. Let v(g) = -h(g) + 6*j(g). Let k be v(13). What is m(k)?
-17
Let a(v) be the first derivative of -v + 2/3*v**3 + 0*v**2 - 3/2*v**4 + 2. Let j = 12 - 13. Give a(j).
7
Let j(h) be the second derivative of -3*h + 2*h**2 + 0 + 1/2*h**3. Let i = -2 - 1. What is j(i)?
-5
Let r(o) = -9*o**2 + 26*o + 2. Let k(b) = 5*b**2 - 14*b - 1. Let i(p) = 11*k(p) + 6*r(p). Determine i(2).
9
Let x(j) = j**2 - 24*j - 25. Let f be x(25). Let a(c) = 2 + c + 2 - 1. Give a(f).
3
Let p(o) = 14 - 82*o**2 + 136*o**2 - 53*o**2. Calculate p(0).
14
Let o(m) = m**3 + 2*m**2 + m - 2. Let b(u) = -u**2 + 8*u + 2. Let p be b(8). Suppose p*w = 5 - 9. Determine o(w).
-4
Let l = -4 - -11. Let a(s) = -3 + 2 - 3*s + l + s. Suppose 0*k + 26 = -4*k + 2*c, 3*c = 2*k + 19. Calculate a(k).
16
Let l(d) = d - 17. Let i be 1 + (15 - (6 - 5)). Determine l(i).
-2
Let b = -2457 + 2469. Let c(z) be the second derivative of 0 - 1/20*z**5 - 1/2*z**3 + z**2 - 1/2*z**4 - b*z. Calculate c(-5).
-8
Let l(y) = -5 - 4*y**2 + 0*y**2 + 3*y**2 - 2*y + 2*y**2. Let w be (-34)/153 - (-38)/9. Calculate l(w).
3
Let o(y) = -y**3 - 6*y**2 + 8*y - 6. Let q be o(-7). Let n = 10 + q. Let t(v) = 0*v + 2*v - 6 + 4. Calculate t(n).
-8
Suppose -4*i = -3*o - 3, -2*i + 5*i + 1 = -o. Let k(v) = -v**2 - 3*v - 4*v + 1 + i + 4. Let y be (-1 - -2)/((-1)/5). Determine k(y).
15
Let v(g) = -5*g**3 + 4*g**2 + 8*g - 2. Let n(z) = 9*z**3 - 7*z**2 - 15*z + 3. Let r(p) = -4*n(p) - 7*v(p). Give r(-3).
17
Let o(b) be the second derivative of -b**4/12 - 5*b**3/6 + 5*b**2/2 + 2*b. Suppose -5*a - 49 = 4*r, r + 9 = -5*a - 22. Give o(r).
-1
Let m(h) be the third derivative of -h**5/60 - h**4/24 + h**3/2 - 9*h**2. Let r be m(0). Let g be r/(-2)*16/6. Let n(w) = -3*w + 4. Give n(g).
16
Let l(s) = -s**3 - 3*s**2 - 3*s + 1. Suppose 23*z - 20*z = -6. What is l(z)?
3
Let d = 157 + -155. Let r(g) = -6*g**2 - 2 + d*g**2 - 8*g + 3*g**2 - 3. Give r(-6).
7
Let r(q) = q + 3. Let m be -5 + 0 - 138/(-69). Determine r(m).
0
Let p(z) = -93*z - 4 + 181*z - 89*z. Calculate p(-7).
3
Suppose 2*g - x = 5, 79*g = 83*g + 4*x - 16. Let r(d) = 4*d - 11. What is r(g)?
1
Let o(s) = -5*s**2 - 28*s + 20. Let y(k) = -22*k**2 - 116*k + 80. Let n(p) = 9*o(p) - 2*y(p). Give n(-21).
-1
Suppose 0 = -w + 7 - 4. Let b(l) = -w*l + l - 2*l + 5*l + 1. Let s(t) = t - 12. Let f be s(6). What is b(f)?
-5
Let p(k) = 6*k**3 + 22*k**2 - 24*k - 3. Let d(j) = -7*j**3 - 23*j**2 + 25*j + 2. Let h(i) = -5*d(i) - 6*p(i). Give h(-18).
-10
Suppose -14 = -2*d - 2*z, -31 + 5 = -5*d + 4*z. Suppose 0 = 35*p - 29*p - d. Let y(a) = 5*a - 1. Calculate y(p).
4
Let w(o) = -8*o + 13. Let r(z) = 16*z - 28. Let m(n) = -6*r(n) - 13*w(n). What is m(-1)?
-9
Let f(x) = -3*x**2 - 35*x + 11. Let q be f(-12). Let p(z) = -7*z**3 + 2*z**2 + z - 1. Give p(q).
7
Suppose -5*j + 38 = q, -5*q + 72 = -2*q + j. Let f = -19 + q. Let i(w) = w**2 - 4*w + 3. Calculate i(f).
3
Let i be ((-16)/10)/((-42)/105). Let g be ((-34)/85)/(i/10). Let f(k) = -5*k**3 - k**2 - 2*k - 1. Give f(g).
5
Suppose 3*g - 11 - 10 = -2*q, 5*g - 37 = -4*q. Suppose g*c - 16 = c. Let v(y) = -8*y + 9*y + 1 + y. Give v(c).
9
Let m(r) = 2*r**3 - 10*r**2 + 2*r + 6. Let s be m(5). Suppose 0 = s*h - 6*h - 50. Let p(g) = g**3 - 6*g**2 + 4*g - 5. Calculate p(h).
-10
Suppose -11*a = -6*a. Suppose 6*q + a*q + 18 = 0. Let y(w) = -w - 3. Give y(q).
0
Let b(v) = 2*v**3 + 3*v**2 + v. Let z be 9*(-6)/(-27)*(-6)/4. What is b(z)?
-30
Let k(i) = -2*i**3 + 6*i**2 + i. Suppose -5*d - 8 = 3*f - 12, -12 = -5*f - 3*d. Determine k(f).
3
Let y(x) = -3*x**2 + 5*x - 4. Let l be (-7 - -6) + 1/(-2)*-6. Calculate y(l).
-6
Let q(f) = -21*f + 35*f - 13*f - 6 + 4*f**3 + 7*f**2 - 5*f**3. Determine q(7).
1
Suppose -3*l + 5 = -4. Suppose -19 = l*q - 49. Let p(h) = h**3 - 11*h**2 + 8*h + 14. Give p(q).
-6
Let m = -115 - -121. Let f(t) = 23 - m*t + 18 + 23 - t**2 - 70. Let y(j) = 2*j**3 + 2*j**2 + 2. Let i be y(-2). Calculate f(i).
-6
Let b(c) be the second derivative of 0*c**2 - c + 2/3*c**3 + 0. Let d = 52 + -50. What is b(d)?
8
Let h(m) = -m + 3*m**2 + 2*m**3 - 5*m**3 + 2*m**3. Let y = -31992 + 31994. Give h(y).
2
Let n(r) = r**3 - 13*r**2 + 11*r + 17. Let b be 49/4 + (-2)/8. Let h be n(b). Suppose -h*a + 8*a = 0. Let x(q) = q**2 + q + 11. Determine x(a).
11
Let l = 36 + -15. Let c(r) = l - 10 - 8 - 4 - 3*r**2 + 2*r. Give c(1).
-2
Let m(g) be the third derivative of 1/2*g**3 - 1/15*g**5 + 1/120*g**6 - 1/24*g**4 + 0 + 0*g - 11*g**2. What is m(3)?
-9
Let x(u) be the third derivative of u**5/30 + u**4/12 - 4*u**3 - 29*u**2. Let n(h) be the first derivative of x(h). Give n(3).
14
Let c be (3 + 1/(-2))*(-8)/(-5). Let l(x) = -x**3 + x - 1. Let m(w) = -3*w**3 - 5*w**2 + 6*w - 1. Let k(d) = -4*l(d) + m(d). Calculate k(c).
-5
Let q(c) = -c**3 + 5*c**2 + 5*c + 1. Let h = -36 + 22. Let j be 6/(-21) - 102/h. Suppose -29 = -4*r - 5*k, 2*r - j = r - k. Calculate q(r).
-5
Let v(b) = b**2 - 2. Let t(k) = -3*k**2 - 6*k + 12. Let j(y) = t(y) + 4*v(y). Suppose g - 10 = -h, -2*h + 4*h - 4*g = -4. What is j(h)?
4
Suppose 4*g + j = 18, 1 - 5 = 2*j. Let y(i) be the second derivative of i**4/12 - i**3/6 - 7*i**2/2 + 97*i. Calculate y(g).
13
Let b(j) = j**3 - 5*j**2 + j - 7. Let v be b(5). Let g be (11/(-22))/(v/4). Let d(r) = g - 5 + 1 + 2*r - 4. Give d(6).
5
Let o be 1/(-2) - 2